ded by 20.
14
What is the remainder when 154 is divided by 23?
16
Calculate the remainder when 153 is divided by 26.
23
What is the remainder when 612 is divided by 240?
132
What is the remainder when 104 is divided by 54?
50
What is the remainder when 1953 is divided by 85?
83
What is the remainder when 310 is divided by 7?
2
Calculate the remainder when 72 is divided by 31.
10
Calculate the remainder when 113 is divided by 25.
13
Calculate the remainder when 666 is divided by 166.
2
Calculate the remainder when 1888 is divided by 10.
8
Calculate the remainder when 866 is divided by 25.
16
What is the remainder when 18143 is divided by 263?
259
Calculate the remainder when 963 is divided by 161.
158
What is the remainder when 287 is divided by 142?
3
Calculate the remainder when 105 is divided by 22.
17
Calculate the remainder when 358 is divided by 19.
16
Calculate the remainder when 1074 is divided by 64.
50
Calculate the remainder when 100 is divided by 37.
26
Calculate the remainder when 12388 is divided by 21.
19
What is the remainder when 17 is divided by 4?
1
Calculate the remainder when 895 is divided by 64.
63
Calculate the remainder when 103 is divided by 22.
15
What is the remainder when 9042 is divided by 19?
17
Calculate the remainder when 4342 is divided by 1442.
16
Calculate the remainder when 63 is divided by 15.
3
Calculate the remainder when 594 is divided by 75.
69
What is the remainder when 46 is divided by 28?
18
What is the remainder when 58 is divided by 9?
4
Calculate the remainder when 1950 is divided by 111.
63
What is the remainder when 495 is divided by 479?
16
What is the remainder when 4537 is divided by 15?
7
What is the remainder when 596 is divided by 31?
7
Calculate the remainder when 63 is divided by 8.
7
Calculate the remainder when 1155 is divided by 68.
67
What is the remainder when 138 is divided by 45?
3
Calculate the remainder when 120 is divided by 3.
0
Calculate the remainder when 179 is divided by 45.
44
Calculate the remainder when 14813 is divided by 8.
5
Calculate the remainder when 760 is divided by 7.
4
What is the remainder when 602 is divided by 46?
4
Calculate the remainder when 67 is divided by 37.
30
What is the remainder when 1068 is divided by 83?
72
Calculate the remainder when 404 is divided by 35.
19
Calculate the remainder when 21 is divided by 1.
0
What is the remainder when 109 is divided by 23?
17
What is the remainder when 116 is divided by 30?
26
Calculate the remainder when 205 is divided by 204.
1
Calculate the remainder when 389 is divided by 52.
25
What is the remainder when 90 is divided by 24?
18
Calculate the remainder when 706 is divided by 12.
10
What is the remainder when 823 is divided by 22?
9
Calculate the remainder when 4676 is divided by 39.
35
Calculate the remainder when 382 is divided by 192.
190
Calculate the remainder when 1031 is divided by 5.
1
What is the remainder when 856 is divided by 277?
25
Calculate the remainder when 79 is divided by 31.
17
What is the remainder when 39 is divided by 22?
17
What is the remainder when 280 is divided by 12?
4
What is the remainder when 99 is divided by 45?
9
What is the remainder when 154 is divided by 54?
46
What is the remainder when 503 is divided by 88?
63
Calculate the remainder when 5841 is divided by 23.
22
What is the remainder when 457 is divided by 29?
22
What is the remainder when 703 is divided by 697?
6
Calculate the remainder when 884 is divided by 15.
14
Calculate the remainder when 619 is divided by 11.
3
What is the remainder when 9252 is divided by 8?
4
What is the remainder when 101 is divided by 15?
11
Calculate the remainder when 183 is divided by 56.
15
Calculate the remainder when 91 is divided by 82.
9
Calculate the remainder when 762 is divided by 255.
252
What is the remainder when 14716 is divided by 22?
20
Calculate the remainder when 225 is divided by 52.
17
Calculate the remainder when 722 is divided by 342.
38
What is the remainder when 2552 is divided by 111?
110
Calculate the remainder when 109 is divided by 19.
14
What is the remainder when 127 is divided by 27?
19
Calculate the remainder when 14 is divided by 13.
1
Calculate the remainder when 232 is divided by 185.
47
What is the remainder when 106 is divided by 36?
34
What is the remainder when 41789 is divided by 23?
21
What is the remainder when 1367 is divided by 19?
18
Calculate the remainder when 59 is divided by 34.
25
What is the remainder when 1877 is divided by 94?
91
Calculate the remainder when 791 is divided by 61.
59
What is the remainder when 112 is divided by 65?
47
Calculate the remainder when 7750 is divided by 17.
15
Calculate the remainder when 319 is divided by 35.
4
What is the remainder when 27032 is divided by 14?
12
Calculate the remainder when 6543 is divided by 111.
105
Calculate the remainder when 937 is divided by 14.
13
What is the remainder when 3301 is divided by 8?
5
What is the remainder when 2132 is divided by 82?
0
What is the remainder when 1265 is divided by 17?
7
Calculate the remainder when 583 is divided by 160.
103
Calculate the remainder when 4690 is divided by 247.
244
Calculate the remainder when 393 is divided by 31.
21
What is the remainder when 4105 is divided by 15?
10
Calculate the remainder when 136 is divided by 29.
20
What is the remainder when 96 is divided by 52?
44
Calculate the remainder when 473 is divided by 79.
78
Calculate the remainder when 103 is divided by 9.
4
Calculate the remainder when 173 is divided by 127.
46
What is the remainder when 985 is divided by 52?
49
Calculate the remainder when 1292 is divided by 16.
12
What is the remainder when 1249 is divided by 125?
124
What is the remainder when 123 is divided by 7?
4
Calculate the remainder when 8923 is divided by 93.
88
Calculate the remainder when 290 is divided by 57.
5
What is the remainder when 929 is divided by 52?
45
What is the remainder when 334 is divided by 24?
22
What is the remainder when 1310 is divided by 435?
5
Calculate the remainder when 79 is divided by 21.
16
What is the remainder when 668 is divided by 27?
20
What is the remainder when 128 is divided by 49?
30
Calculate the remainder when 532 is divided by 212.
108
Calculate the remainder when 19878 is divided by 140.
138
What is the remainder when 125 is divided by 111?
14
What is the remainder when 427 is divided by 136?
19
Calculate the remainder when 133 is divided by 68.
65
Calculate the remainder when 245 is divided by 50.
45
What is the remainder when 637 is divided by 34?
25
Calculate the remainder when 759 is divided by 10.
9
What is the remainder when 8 is divided by 5?
3
Calculate the remainder when 195 is divided by 28.
27
Calculate the remainder when 179 is divided by 31.
24
What is the remainder when 236 is divided by 40?
36
Calculate the remainder when 351 is divided by 206.
145
What is the remainder when 70 is divided by 33?
4
What is the remainder when 137 is divided by 121?
16
What is the remainder when 590 is divided by 488?
102
Calculate the remainder when 1516 is divided by 76.
72
Calculate the remainder when 19 is divided by 17.
2
What is the remainder when 152 is divided by 60?
32
Calculate the remainder when 17 is divided by 1.
0
Calculate the remainder when 360 is divided by 24.
0
Calculate the remainder when 2062 is divided by 59.
56
Calculate the remainder when 459 is divided by 241.
218
What is the remainder when 203 is divided by 50?
3
What is the remainder when 472 is divided by 23?
12
What is the remainder when 3931 is divided by 207?
205
What is the remainder when 303 is divided by 34?
31
Calculate the remainder when 2230 is divided by 31.
29
Calculate the remainder when 147 is divided by 37.
36
Calculate the remainder when 591 is divided by 37.
36
Calculate the remainder when 248 is divided by 76.
20
What is the remainder when 155 is divided by 13?
12
What is the remainder when 37 is divided by 13?
11
What is the remainder when 455 is divided by 114?
113
Calculate the remainder when 4958 is divided by 40.
38
Calculate the remainder when 600 is divided by 67.
64
What is the remainder when 71 is divided by 36?
35
What is the remainder when 29 is divided by 11?
7
Calculate the remainder when 45 is divided by 